 when t(8) is divided by w.
2
Let i = 821 - 414. Let r = i - 352. What is the remainder when r is divided by 29?
26
Let t be 6/(-4) - 3135/(-190). Suppose p - 30 = -5*z, 5*z + 8 = 2*p - 22. Suppose -t*n - 405 = -p*n. What is the remainder when n is divided by 14?
11
Suppose 3*f = 12*f - 234. Let m(b) = -b + 10. Let v be m(8). Calculate the remainder when f is divided by ((-4)/(-12))/(v/54).
8
Let h(b) = -b**2 - 19*b - 17. Let j be h(-18). Let k be (-14)/(-2)*j - (-46 - -45). Suppose -14*l + k*l + 54 = 0. What is the remainder when 20 is divided by l?
2
Suppose k = -0*b + 3*b + 31, -4*k - 3*b = -94. What is the remainder when ((-122)/8 + 4)*-4 is divided by k?
20
Let k(p) = 4*p + 421. Calculate the remainder when 1480 is divided by k(-64).
160
Let p(z) = 11*z**2 - 25*z - 3. Let j(w) = -7*w**2 + 16*w + 1. Let x(h) = -8*j(h) - 5*p(h). Let g = -6 + 13. What is the remainder when x(g) is divided by 19?
16
Suppose 0*z = 4*z - 3*h - 51, -3*z + 2 = 5*h. Suppose -108 = -3*v + 186. What is the remainder when v is divided by z?
8
Let d(o) = 10*o**2 - 11*o - 56. What is the remainder when d(-5) is divided by 70?
39
Let h be -92*(-4)/(0 + 8). What is the remainder when 122 is divided by (-5)/(-5) + h + -5 + 1?
36
Let d(z) = 2046*z - 115. What is the remainder when d(1) is divided by 42?
41
Let x = -9617 - -14116. What is the remainder when x is divided by 9?
8
Let s be (-35)/(-1 + -6) - 2. Suppose 3*x = -s*r + 324, -11*r + 10*r = 2. What is the remainder when x is divided by 57?
53
Let x(a) = 6*a**2 + 6*a + 8. Let n be x(-2). Suppose 16*o - 3*t + 121 = n*o, -t + 154 = 5*o. Calculate the remainder when o is divided by 10.
1
Let d(o) = o + 2. Let q be d(-8). Let b = 9 + q. Let i = 2619 + -2616. What is the remainder when i is divided by b?
0
Suppose -97*f + 95*f - 30 = 0. What is the remainder when 6/f + (-2)/20*-1514 is divided by 19?
18
Suppose 4*x + 13 = 2*j + 39, 0 = -2*x - j + 3. Suppose -3*n - b + 34 = 0, 2*n + x*b - 14 = -8. What is the remainder when 114 is divided by n?
10
Let q(n) = n**2 + n - 222. Let l be q(-20). Suppose -3*x + 3*w + 207 = 0, 2*x = -4*w + w + l. Calculate the remainder when 240 is divided by x.
21
Let c(h) = 45*h**2 + 5*h - 4. Suppose 2*p + 46 = 48. What is the remainder when c(p) is divided by 16?
14
Suppose 2207 = -6*y + 6197. Suppose 4 - 4 = 5*f. Suppose 3*b = 4*a - y, f*a - 2*b = 5*a - 837. Calculate the remainder when a is divided by 24.
23
Let x = 14 + -14. Suppose 0 = -x*f - 2*f - 3*z + 21, f - 2*z + 7 = 0. Calculate the remainder when 15 is divided by f/(-4) + 27/4.
3
Let y = 10 + -2. Suppose -3*w = -y*w + 40. Suppose 5*r - 377 = -4*l - 116, 126 = 2*l + 4*r. What is the remainder when l is divided by w?
5
Let l be 0/((-5 + 4)*1). Let j = l + 3. Suppose z + 322 = 3*n, 0*z + j*z = -n + 94. What is the remainder when n is divided by 36?
34
Suppose -y - 2*m + 0*m = -16, -5*m - 20 = -5*y. Let f = y + 56. Suppose 9*q = -4*q + 286. Calculate the remainder when f is divided by q.
20
Suppose 0 = -0*j + 2*j - 18. Suppose 0 = -0*g - g - 2*r - j, 4*g = 4*r + 24. Calculate the remainder when 55 is divided by 224/(-4)*g/(-2).
27
Let q = -6220 - -8015. What is the remainder when q is divided by 27?
13
Let j = 34050 - 33399. Calculate the remainder when j is divided by 111.
96
Suppose 2*v = 5*o - 55 + 78, 4*v = 2*o + 102. Suppose s = -3*k - 341 + 944, 5*k = -3*s + 1005. What is the remainder when k is divided by v?
27
Let y(j) = 6*j**2 - 5*j - 14 + 37 - 19 - 2*j**2. Let a be y(2). Suppose -a*p = -236 - 24. What is the remainder when 50 is divided by p?
24
Let d(g) = 10*g + 26*g - 5*g**2 - 48*g + 4*g**2 - 9. Let x be d(-11). What is the remainder when (95/(-38))/(x/(-20)) is divided by 11?
3
What is the remainder when 141 is divided by 48*((-204)/(-16) + -12)?
33
Let u be (-6 - (-16)/(-4))/(2/(-3)). Let n(v) = 14*v - 34. Let h be n(u). Calculate the remainder when h/33 + 4/6 is divided by 5.
1
Suppose 2723*j - 2682*j - 3772 = 0. What is the remainder when 1285 is divided by j?
89
Let z(t) = 14*t**2 - 348*t - 391. Let g(y) = -30*y - 2. What is the remainder when g(-5) is divided by z(26)?
23
Let s(t) = -t**2 + 239*t + 5108. Calculate the remainder when s(-18) is divided by 58.
18
Let x(p) = -p - 4. Let u be x(14). Let z(a) = -4*a - 2. Let l = -2 - -39. What is the remainder when z(u) is divided by l?
33
Suppose 18 = 3*f + 3*y, -7*y - 4 + 6 = -3*f. What is the remainder when 1086 is divided by f?
2
Let w(j) = -48*j - 47. Let u be -14*(0 - 1/2)/(-1). Calculate the remainder when w(u) is divided by 58.
57
Let x be (-6 - 0)/(-1 + 0 + -1). Let l be (x - 2)*2 + 2. Suppose 48 = 5*m + 2*v - 1, 2*v - l = 0. Calculate the remainder when 24 is divided by m.
6
What is the remainder when 41975/115 + (1 - 3) is divided by 102?
57
Let n(d) = -4*d - 104. Let u be n(-26). Suppose 0 = 3*f - u*f - 81. What is the remainder when f is divided by 6?
3
What is the remainder when 312 is divided by (-1)/(-6)*8*(2475/18 + -19)?
154
Let c = 14 + 1. Let y(v) = -v**3 + 9*v**2 - 10*v + 9. Let k be y(6). Calculate the remainder when (-16)/(-8)*k/2 is divided by c.
12
Suppose 12*t = 11*t - 3*b + 15, 3*t - 59 = 5*b. Calculate the remainder when (-5)/15 - (-322)/3 is divided by t.
17
What is the remainder when 3533 is divided by 330 - 328 - (-1)/(2/240)?
117
Suppose i - 1095 = -3*l, -2*i - 3*l = -586 - 1598. What is the remainder when i is divided by 149?
46
Suppose 0*p - 6*p + 102 = 0. Suppose 5*w - 27 + p = 0. Suppose 2*m - 3*m = -y + 29, 0 = 3*y - w*m - 91. Calculate the remainder when 98 is divided by y.
32
Let w(b) = 19*b - 73. Let h be w(4). Suppose -22*n - h = -553. Calculate the remainder when 120 is divided by n.
20
Suppose -5*x + 10*x - 940 = 0. Suppose -2*y - 3*r = -98, -4*y - 4*r = -0*y - x. Let z = y + -14. Calculate the remainder when 114 is divided by z.
27
Suppose -5*p - h = -270, -5 = -2*p + h + 103. Let g = -48 + p. Suppose -b + 25 = -g. What is the remainder when 59 is divided by b?
28
Let l(x) = 3*x - 16. Let u be l(14). Let s(w) = w**3 - 4*w**2 - 7*w - 1. Let h be s(5). Let c = u + h. What is the remainder when 88 is divided by c?
13
Calculate the remainder when 1430 is divided by (1/10 - (-23113)/(-580))/((-3)/4).
52
Let o(c) = -132*c - 529. What is the remainder when o(-16) is divided by 22?
21
Let h be (-37)/(((-12)/4 + 0)/3). Let d be (-2)/4 - 81/(-2). Let m = d - h. What is the remainder when 7 is divided by m?
1
Suppose 42*z - 44*z = 5*u - 432, 3*u - 428 = -2*z. Calculate the remainder when 308 is divided by z.
97
Suppose 0 = -0*r + 2*r - 24. Suppose -46*b = -128 - 424. Calculate the remainder when b is divided by r.
0
Suppose 0 = -2*y + 2*w + 3478, 4*w - 2408 = -2*y + 1040. What is the remainder when y is divided by 218?
208
Suppose 0 = -22*q + 25 + 19. Suppose 0*j - 5*j + 182 = -q*x, 3*x = 4*j - 147. Let d(w) = 5*w**2 - 6*w - 2. Calculate the remainder when d(6) is divided by j.
34
Let o be 8*2*(-1)/(-2). Let n(f) = -9 + f - 6*f - 8*f + 21*f - f**2 + 2*f. What is the remainder when 47 is divided by n(o)?
5
Let g(y) = y**3 + 5*y**2 + y - 9. Let f be g(-5). Let t = f + 20. Suppose t = -4*p + 18. What is the remainder when 22 is divided by p?
1
Suppose -8 = -u - 5*t, 9*u - 2*t + 8 = 10*u. Calculate the remainder when 14*(-3*1 - (-68)/8) is divided by u.
5
Let x be (-6)/(((-3)/(-6))/((-1)/4)). Let h(r) = 36 + 0*r + 21 - x*r - 71. Calculate the remainder when 15 is divided by h(-6).
3
Let x = 872 + -851. Suppose 0*d + d - 59 = 0. What is the remainder when d is divided by x?
17
Suppose a + 23 = 2*i, -5*i + 3*i = 3*a - 19. What is the remainder when i is divided by -1*((-203)/21 - -6 - (-6)/9)?
2
Let v(l) = 3*l**2 - 3*l - 25. Let j be v(4). What is the remainder when 179 is divided by (-5)/(j/((-1056)/40))?
11
Let b = -514 + 556. Calculate the remainder when b is divided by 17.
8
Let b(f) = 3*f**3 + 2*f**2 - 6*f + 2. Calculate the remainder when b(4) is divided by 12/126 + (-2136)/(-63).
32
Calculate the remainder when 128 is divided by (18/135)/(4/220)*6.
40
Let s = -14 - -28. Let x = -235 - -271. What is the remainder when s is divided by (14 - 16)/(-4*2/x)?
5
Suppose -396 = -31*o - 5*o. Let q(j) = 20*j - 125. What is the remainder when q(o) is divided by 2/8 + 190/8?
23
Suppose -19*l + 200 = 16*l - 25*l. Let x = 0 + 3. Suppose -x*c - 7 = -5*c